{"id":382,"date":"2024-06-30T13:59:07","date_gmt":"2024-06-30T13:59:07","guid":{"rendered":"https:\/\/sumerspot.com\/ikinciel\/?page_id=382"},"modified":"2024-07-21T14:56:10","modified_gmt":"2024-07-21T11:56:10","slug":"iletisim","status":"publish","type":"page","link":"https:\/\/sumerspot.com\/ikinciel\/iletisim\/","title":{"rendered":"ileti\u015fim"},"content":{"rendered":"<p><img loading=\"lazy\" decoding=\"async\" class=\"aligncenter size-full wp-image-383\" src=\"https:\/\/sumerspot.com\/ikinciel\/wp-content\/uploads\/2024\/06\/iletisim1.jpg\" alt=\"\" width=\"800\" height=\"500\" title=\"\" srcset=\"https:\/\/sumerspot.com\/ikinciel\/wp-content\/uploads\/2024\/06\/iletisim1.jpg 800w, https:\/\/sumerspot.com\/ikinciel\/wp-content\/uploads\/2024\/06\/iletisim1-300x188.jpg 300w, https:\/\/sumerspot.com\/ikinciel\/wp-content\/uploads\/2024\/06\/iletisim1-768x480.jpg 768w, https:\/\/sumerspot.com\/ikinciel\/wp-content\/uploads\/2024\/06\/iletisim1-600x375.jpg 600w\" sizes=\"auto, (max-width: 800px) 100vw, 800px\" \/><\/p>\n<div class=\"woocommerce columns-4 \"><ul class=\"products columns-4\">\n<li class=\"product type-product post-553 status-publish first instock product_cat-ikinci-el-esya has-post-thumbnail sale shipping-taxable purchasable product-type-simple\">\n\t<a href=\"https:\/\/sumerspot.com\/ikinciel\/urun\/2-el-lcd-ekranli-kizilotesi-duvar-tarayici-dedektor-sifir\/\" class=\"woocommerce-LoopProduct-link woocommerce-loop-product__link\">\n\t<span class=\"onsale\">\u0130ndirim!<\/span>\n\t<img loading=\"lazy\" decoding=\"async\" width=\"300\" height=\"300\" src=\"https:\/\/sumerspot.com\/ikinciel\/wp-content\/uploads\/2025\/12\/2.el-LCD-Ekranli-Kizilotesi-Duvar-Tarayici-Dedektor-Sifir-4-300x300.png\" class=\"attachment-woocommerce_thumbnail size-woocommerce_thumbnail\" alt=\"2.el LCD Ekranl\u0131 K\u0131z\u0131l\u00f6tesi Duvar Taray\u0131c\u0131 Dedekt\u00f6r S\u0131f\u0131r\" srcset=\"https:\/\/sumerspot.com\/ikinciel\/wp-content\/uploads\/2025\/12\/2.el-LCD-Ekranli-Kizilotesi-Duvar-Tarayici-Dedektor-Sifir-4-300x300.png 300w, https:\/\/sumerspot.com\/ikinciel\/wp-content\/uploads\/2025\/12\/2.el-LCD-Ekranli-Kizilotesi-Duvar-Tarayici-Dedektor-Sifir-4-150x150.png 150w, https:\/\/sumerspot.com\/ikinciel\/wp-content\/uploads\/2025\/12\/2.el-LCD-Ekranli-Kizilotesi-Duvar-Tarayici-Dedektor-Sifir-4-100x100.png 100w\" sizes=\"auto, (max-width: 300px) 100vw, 300px\" title=\"\"><h2 class=\"woocommerce-loop-product__title\">2.el LCD Ekranl\u0131 K\u0131z\u0131l\u00f6tesi Duvar Taray\u0131c\u0131 Dedekt\u00f6r S\u0131f\u0131r<\/h2>\n\t<span class=\"price\"><del aria-hidden=\"true\"><span class=\"woocommerce-Price-amount amount\"><bdi><span class=\"woocommerce-Price-currencySymbol\">&#8378;<\/span>1,500.00<\/bdi><\/span><\/del> <span class=\"screen-reader-text\">Orijinal fiyat: &#8378;1,500.00.<\/span><ins aria-hidden=\"true\"><span class=\"woocommerce-Price-amount amount\"><bdi><span class=\"woocommerce-Price-currencySymbol\">&#8378;<\/span>1,250.00<\/bdi><\/span><\/ins><span class=\"screen-reader-text\">\u015eu andaki fiyat: &#8378;1,250.00.<\/span><\/span>\n<div class=\"archive-product-categories text-center\"><a href=\"https:\/\/sumerspot.com\/ikinciel\/urun-kategori\/ikinci-el-esya\/\" rel=\"tag\">ikinci el e\u015fya<\/a><\/div><\/a><a href=\"\/ikinciel\/wp-json\/wp\/v2\/pages\/382?add-to-cart=553\" aria-describedby=\"woocommerce_loop_add_to_cart_link_describedby_553\" data-quantity=\"1\" class=\"button product_type_simple add_to_cart_button ajax_add_to_cart\" data-product_id=\"553\" data-product_sku=\"\" aria-label=\"Sepete ekle: \u201c2.el LCD Ekranl\u0131 K\u0131z\u0131l\u00f6tesi Duvar Taray\u0131c\u0131 Dedekt\u00f6r S\u0131f\u0131r\u201d\" rel=\"nofollow\" data-success_message=\"&quot;2.el LCD Ekranl\u0131 K\u0131z\u0131l\u00f6tesi Duvar Taray\u0131c\u0131 Dedekt\u00f6r S\u0131f\u0131r&quot; sepetinize eklendi\" role=\"button\">Sepete Ekle<\/a>\t<span id=\"woocommerce_loop_add_to_cart_link_describedby_553\" class=\"screen-reader-text\">\n\t\t\t<\/span>\n<\/li>\n<li class=\"product type-product post-508 status-publish instock product_cat-ikinci-el-esya has-post-thumbnail sale shipping-taxable purchasable product-type-simple\">\n\t<a href=\"https:\/\/sumerspot.com\/ikinciel\/urun\/2-el-satilik-i-ve-u-demirler-npi-ve-npu-cikma-agir-metaller\/\" class=\"woocommerce-LoopProduct-link woocommerce-loop-product__link\">\n\t<span class=\"onsale\">\u0130ndirim!<\/span>\n\t<img loading=\"lazy\" decoding=\"async\" width=\"300\" height=\"300\" src=\"https:\/\/sumerspot.com\/ikinciel\/wp-content\/uploads\/2024\/10\/2.el-satilik-I-ve-U-Demirler-NPI-VE-NPU-3-300x300.png\" class=\"attachment-woocommerce_thumbnail size-woocommerce_thumbnail\" alt=\"2.el sat\u0131l\u0131k I ve U Demirler NPI VE NPU \u00e7\u0131kma a\u011f\u0131r metaller\" srcset=\"https:\/\/sumerspot.com\/ikinciel\/wp-content\/uploads\/2024\/10\/2.el-satilik-I-ve-U-Demirler-NPI-VE-NPU-3-300x300.png 300w, https:\/\/sumerspot.com\/ikinciel\/wp-content\/uploads\/2024\/10\/2.el-satilik-I-ve-U-Demirler-NPI-VE-NPU-3-150x150.png 150w, https:\/\/sumerspot.com\/ikinciel\/wp-content\/uploads\/2024\/10\/2.el-satilik-I-ve-U-Demirler-NPI-VE-NPU-3-100x100.png 100w\" sizes=\"auto, (max-width: 300px) 100vw, 300px\" title=\"\"><h2 class=\"woocommerce-loop-product__title\">2.el sat\u0131l\u0131k I ve U Demirler NPI VE NPU \u00e7\u0131kma a\u011f\u0131r metaller<\/h2>\n\t<span class=\"price\"><del aria-hidden=\"true\"><span class=\"woocommerce-Price-amount amount\"><bdi><span class=\"woocommerce-Price-currencySymbol\">&#8378;<\/span>2,500.00<\/bdi><\/span><\/del> <span class=\"screen-reader-text\">Orijinal fiyat: &#8378;2,500.00.<\/span><ins aria-hidden=\"true\"><span class=\"woocommerce-Price-amount amount\"><bdi><span class=\"woocommerce-Price-currencySymbol\">&#8378;<\/span>1,500.00<\/bdi><\/span><\/ins><span class=\"screen-reader-text\">\u015eu andaki fiyat: &#8378;1,500.00.<\/span><\/span>\n<div class=\"archive-product-categories text-center\"><a href=\"https:\/\/sumerspot.com\/ikinciel\/urun-kategori\/ikinci-el-esya\/\" rel=\"tag\">ikinci el e\u015fya<\/a><\/div><\/a><a href=\"\/ikinciel\/wp-json\/wp\/v2\/pages\/382?add-to-cart=508\" aria-describedby=\"woocommerce_loop_add_to_cart_link_describedby_508\" data-quantity=\"1\" class=\"button product_type_simple add_to_cart_button ajax_add_to_cart\" data-product_id=\"508\" data-product_sku=\"\" aria-label=\"Sepete ekle: \u201c2.el sat\u0131l\u0131k I ve U Demirler NPI VE NPU \u00e7\u0131kma a\u011f\u0131r metaller\u201d\" rel=\"nofollow\" data-success_message=\"&quot;2.el sat\u0131l\u0131k I ve U Demirler NPI VE NPU \u00e7\u0131kma a\u011f\u0131r metaller&quot; sepetinize eklendi\" role=\"button\">Sepete Ekle<\/a>\t<span id=\"woocommerce_loop_add_to_cart_link_describedby_508\" class=\"screen-reader-text\">\n\t\t\t<\/span>\n<\/li>\n<li class=\"product type-product post-497 status-publish instock product_cat-ikinci-el-esya product_cat-ikinci-el-is-makineleri has-post-thumbnail sale shipping-taxable purchasable product-type-simple\">\n\t<a href=\"https:\/\/sumerspot.com\/ikinciel\/urun\/3-tonluk-kantar-baskul-kantar-6500-tl-3-x-16-mt-80-tonluk-tir-kantari\/\" class=\"woocommerce-LoopProduct-link woocommerce-loop-product__link\">\n\t<span class=\"onsale\">\u0130ndirim!<\/span>\n\t<img loading=\"lazy\" decoding=\"async\" width=\"300\" height=\"300\" src=\"https:\/\/sumerspot.com\/ikinciel\/wp-content\/uploads\/2024\/08\/3-tonluk-kantar-1-300x300.png\" class=\"attachment-woocommerce_thumbnail size-woocommerce_thumbnail\" alt=\"3 tonluk kantar Bask\u00fcl Kantar 6500 TL 3 x 16 MT 80 tonluk t\u0131r kantar\u0131.\" srcset=\"https:\/\/sumerspot.com\/ikinciel\/wp-content\/uploads\/2024\/08\/3-tonluk-kantar-1-300x300.png 300w, https:\/\/sumerspot.com\/ikinciel\/wp-content\/uploads\/2024\/08\/3-tonluk-kantar-1-150x150.png 150w, https:\/\/sumerspot.com\/ikinciel\/wp-content\/uploads\/2024\/08\/3-tonluk-kantar-1-100x100.png 100w\" sizes=\"auto, (max-width: 300px) 100vw, 300px\" title=\"\"><h2 class=\"woocommerce-loop-product__title\">3 tonluk kantar Bask\u00fcl Kantar 6500 TL 3 x 16 MT 80 tonluk t\u0131r kantar\u0131.<\/h2>\n\t<span class=\"price\"><del aria-hidden=\"true\"><span class=\"woocommerce-Price-amount amount\"><bdi><span class=\"woocommerce-Price-currencySymbol\">&#8378;<\/span>14,000.00<\/bdi><\/span><\/del> <span class=\"screen-reader-text\">Orijinal fiyat: &#8378;14,000.00.<\/span><ins aria-hidden=\"true\"><span class=\"woocommerce-Price-amount amount\"><bdi><span class=\"woocommerce-Price-currencySymbol\">&#8378;<\/span>12,000.00<\/bdi><\/span><\/ins><span class=\"screen-reader-text\">\u015eu andaki fiyat: &#8378;12,000.00.<\/span><\/span>\n<div class=\"archive-product-categories text-center\"><a href=\"https:\/\/sumerspot.com\/ikinciel\/urun-kategori\/ikinci-el-esya\/\" rel=\"tag\">ikinci el e\u015fya<\/a>,<a href=\"https:\/\/sumerspot.com\/ikinciel\/urun-kategori\/ikinci-el-is-makineleri\/\" rel=\"tag\">ikinci el i\u015f makineleri<\/a><\/div><\/a><a href=\"\/ikinciel\/wp-json\/wp\/v2\/pages\/382?add-to-cart=497\" aria-describedby=\"woocommerce_loop_add_to_cart_link_describedby_497\" data-quantity=\"1\" class=\"button product_type_simple add_to_cart_button ajax_add_to_cart\" data-product_id=\"497\" data-product_sku=\"\" aria-label=\"Sepete ekle: \u201c3 tonluk kantar Bask\u00fcl Kantar 6500 TL 3 x 16 MT 80 tonluk t\u0131r kantar\u0131.\u201d\" rel=\"nofollow\" data-success_message=\"&quot;3 tonluk kantar Bask\u00fcl Kantar 6500 TL 3 x 16 MT 80 tonluk t\u0131r kantar\u0131.&quot; sepetinize eklendi\" role=\"button\">Sepete Ekle<\/a>\t<span id=\"woocommerce_loop_add_to_cart_link_describedby_497\" class=\"screen-reader-text\">\n\t\t\t<\/span>\n<\/li>\n<li class=\"product type-product post-445 status-publish last instock product_cat-ikinci-el-is-makineleri has-post-thumbnail sale shipping-taxable purchasable product-type-simple\">\n\t<a href=\"https:\/\/sumerspot.com\/ikinciel\/urun\/beton-silim-makinasi-saglam-ve-kaliteli-beton-silme-duzeltme\/\" class=\"woocommerce-LoopProduct-link woocommerce-loop-product__link\">\n\t<span class=\"onsale\">\u0130ndirim!<\/span>\n\t<img loading=\"lazy\" decoding=\"async\" width=\"300\" height=\"300\" src=\"https:\/\/sumerspot.com\/ikinciel\/wp-content\/uploads\/2024\/07\/Beton-silim-makinasi-2-300x300.png\" class=\"attachment-woocommerce_thumbnail size-woocommerce_thumbnail\" alt=\"Beton silim makinas\u0131 sa\u011flam ve kaliteli beton silme d\u00fczeltme\" srcset=\"https:\/\/sumerspot.com\/ikinciel\/wp-content\/uploads\/2024\/07\/Beton-silim-makinasi-2-300x300.png 300w, https:\/\/sumerspot.com\/ikinciel\/wp-content\/uploads\/2024\/07\/Beton-silim-makinasi-2-150x150.png 150w, https:\/\/sumerspot.com\/ikinciel\/wp-content\/uploads\/2024\/07\/Beton-silim-makinasi-2-100x100.png 100w\" sizes=\"auto, (max-width: 300px) 100vw, 300px\" title=\"\"><h2 class=\"woocommerce-loop-product__title\">Beton silim makinas\u0131 sa\u011flam ve kaliteli beton silme d\u00fczeltme<\/h2>\n\t<span class=\"price\"><del aria-hidden=\"true\"><span class=\"woocommerce-Price-amount amount\"><bdi><span class=\"woocommerce-Price-currencySymbol\">&#8378;<\/span>55,000.00<\/bdi><\/span><\/del> <span class=\"screen-reader-text\">Orijinal fiyat: &#8378;55,000.00.<\/span><ins aria-hidden=\"true\"><span class=\"woocommerce-Price-amount amount\"><bdi><span class=\"woocommerce-Price-currencySymbol\">&#8378;<\/span>50,000.00<\/bdi><\/span><\/ins><span class=\"screen-reader-text\">\u015eu andaki fiyat: &#8378;50,000.00.<\/span><\/span>\n<div class=\"archive-product-categories text-center\"><a href=\"https:\/\/sumerspot.com\/ikinciel\/urun-kategori\/ikinci-el-is-makineleri\/\" rel=\"tag\">ikinci el i\u015f makineleri<\/a><\/div><\/a><a href=\"\/ikinciel\/wp-json\/wp\/v2\/pages\/382?add-to-cart=445\" aria-describedby=\"woocommerce_loop_add_to_cart_link_describedby_445\" data-quantity=\"1\" class=\"button product_type_simple add_to_cart_button ajax_add_to_cart\" data-product_id=\"445\" data-product_sku=\"\" aria-label=\"Sepete ekle: \u201cBeton silim makinas\u0131 sa\u011flam ve kaliteli beton silme d\u00fczeltme\u201d\" rel=\"nofollow\" data-success_message=\"&quot;Beton silim makinas\u0131 sa\u011flam ve kaliteli beton silme d\u00fczeltme&quot; sepetinize eklendi\" role=\"button\">Sepete Ekle<\/a>\t<span id=\"woocommerce_loop_add_to_cart_link_describedby_445\" class=\"screen-reader-text\">\n\t\t\t<\/span>\n<\/li>\n<li class=\"product type-product post-478 status-publish first instock product_cat-ikinci-el-is-makineleri product_cat-ikinci-el-esya has-post-thumbnail sale shipping-taxable purchasable product-type-simple\">\n\t<a href=\"https:\/\/sumerspot.com\/ikinciel\/urun\/cati-makasi-cati-paneli-cati-saci-konteynir-celik-cati-malzemeleri-ucuz-fiyat\/\" class=\"woocommerce-LoopProduct-link woocommerce-loop-product__link\">\n\t<span class=\"onsale\">\u0130ndirim!<\/span>\n\t<img loading=\"lazy\" decoding=\"async\" width=\"300\" height=\"300\" src=\"https:\/\/sumerspot.com\/ikinciel\/wp-content\/uploads\/2024\/08\/Cati-makasi-cati-paneli-cati-saci-konteynir-celik-cati-3-300x300.png\" class=\"attachment-woocommerce_thumbnail size-woocommerce_thumbnail\" alt=\"\u00c7at\u0131 makas\u0131 \u00e7at\u0131 paneli \u00e7at\u0131 sa\u00e7\u0131 konteyn\u0131r \u00e7elik \u00e7at\u0131 malzemeleri ucuz fiyat\" srcset=\"https:\/\/sumerspot.com\/ikinciel\/wp-content\/uploads\/2024\/08\/Cati-makasi-cati-paneli-cati-saci-konteynir-celik-cati-3-300x300.png 300w, https:\/\/sumerspot.com\/ikinciel\/wp-content\/uploads\/2024\/08\/Cati-makasi-cati-paneli-cati-saci-konteynir-celik-cati-3-150x150.png 150w, https:\/\/sumerspot.com\/ikinciel\/wp-content\/uploads\/2024\/08\/Cati-makasi-cati-paneli-cati-saci-konteynir-celik-cati-3-100x100.png 100w\" sizes=\"auto, (max-width: 300px) 100vw, 300px\" title=\"\"><h2 class=\"woocommerce-loop-product__title\">\u00c7at\u0131 makas\u0131 \u00e7at\u0131 paneli \u00e7at\u0131 sa\u00e7\u0131 konteyn\u0131r \u00e7elik \u00e7at\u0131 malzemeleri ucuz fiyat<\/h2>\n\t<span class=\"price\"><del aria-hidden=\"true\"><span class=\"woocommerce-Price-amount amount\"><bdi><span class=\"woocommerce-Price-currencySymbol\">&#8378;<\/span>15,000.00<\/bdi><\/span><\/del> <span class=\"screen-reader-text\">Orijinal fiyat: &#8378;15,000.00.<\/span><ins aria-hidden=\"true\"><span class=\"woocommerce-Price-amount amount\"><bdi><span class=\"woocommerce-Price-currencySymbol\">&#8378;<\/span>6,500.00<\/bdi><\/span><\/ins><span class=\"screen-reader-text\">\u015eu andaki fiyat: &#8378;6,500.00.<\/span><\/span>\n<div class=\"archive-product-categories text-center\"><a href=\"https:\/\/sumerspot.com\/ikinciel\/urun-kategori\/ikinci-el-is-makineleri\/\" rel=\"tag\">ikinci el i\u015f makineleri<\/a>,<a href=\"https:\/\/sumerspot.com\/ikinciel\/urun-kategori\/ikinci-el-esya\/\" rel=\"tag\">ikinci el e\u015fya<\/a><\/div><\/a><a href=\"\/ikinciel\/wp-json\/wp\/v2\/pages\/382?add-to-cart=478\" aria-describedby=\"woocommerce_loop_add_to_cart_link_describedby_478\" data-quantity=\"1\" class=\"button product_type_simple add_to_cart_button ajax_add_to_cart\" data-product_id=\"478\" data-product_sku=\"\" aria-label=\"Sepete ekle: \u201c\u00c7at\u0131 makas\u0131 \u00e7at\u0131 paneli \u00e7at\u0131 sa\u00e7\u0131 konteyn\u0131r \u00e7elik \u00e7at\u0131 malzemeleri ucuz fiyat\u201d\" rel=\"nofollow\" data-success_message=\"&quot;\u00c7at\u0131 makas\u0131 \u00e7at\u0131 paneli \u00e7at\u0131 sa\u00e7\u0131 konteyn\u0131r \u00e7elik \u00e7at\u0131 malzemeleri ucuz fiyat&quot; sepetinize eklendi\" role=\"button\">Sepete Ekle<\/a>\t<span id=\"woocommerce_loop_add_to_cart_link_describedby_478\" class=\"screen-reader-text\">\n\t\t\t<\/span>\n<\/li>\n<li class=\"product type-product post-425 status-publish instock product_cat-ikinci-el-esya has-post-thumbnail sale shipping-taxable purchasable product-type-simple\">\n\t<a href=\"https:\/\/sumerspot.com\/ikinciel\/urun\/cikma-metal-raf-raf-soyunma-dolabi-vitrin-asrin-metal-kitaplik\/\" class=\"woocommerce-LoopProduct-link woocommerce-loop-product__link\">\n\t<span class=\"onsale\">\u0130ndirim!<\/span>\n\t<img loading=\"lazy\" decoding=\"async\" width=\"300\" height=\"300\" src=\"https:\/\/sumerspot.com\/ikinciel\/wp-content\/uploads\/2024\/06\/IKINCI-EL-SAGLAM-DOSYA-RAFLARI-1-300x300.png\" class=\"attachment-woocommerce_thumbnail size-woocommerce_thumbnail\" alt=\"\u00c7IKMA METAL RAF Raf Soyunma Dolab\u0131 Vitrin ASRIN Metal Kitapl\u0131k\" srcset=\"https:\/\/sumerspot.com\/ikinciel\/wp-content\/uploads\/2024\/06\/IKINCI-EL-SAGLAM-DOSYA-RAFLARI-1-300x300.png 300w, https:\/\/sumerspot.com\/ikinciel\/wp-content\/uploads\/2024\/06\/IKINCI-EL-SAGLAM-DOSYA-RAFLARI-1-150x150.png 150w, https:\/\/sumerspot.com\/ikinciel\/wp-content\/uploads\/2024\/06\/IKINCI-EL-SAGLAM-DOSYA-RAFLARI-1-100x100.png 100w\" sizes=\"auto, (max-width: 300px) 100vw, 300px\" title=\"\"><h2 class=\"woocommerce-loop-product__title\">\u00c7IKMA METAL RAF Raf Soyunma Dolab\u0131 Vitrin ASRIN Metal Kitapl\u0131k<\/h2>\n\t<span class=\"price\"><del aria-hidden=\"true\"><span class=\"woocommerce-Price-amount amount\"><bdi><span class=\"woocommerce-Price-currencySymbol\">&#8378;<\/span>750.00<\/bdi><\/span><\/del> <span class=\"screen-reader-text\">Orijinal fiyat: &#8378;750.00.<\/span><ins aria-hidden=\"true\"><span class=\"woocommerce-Price-amount amount\"><bdi><span class=\"woocommerce-Price-currencySymbol\">&#8378;<\/span>700.00<\/bdi><\/span><\/ins><span class=\"screen-reader-text\">\u015eu andaki fiyat: &#8378;700.00.<\/span><\/span>\n<div class=\"archive-product-categories text-center\"><a href=\"https:\/\/sumerspot.com\/ikinciel\/urun-kategori\/ikinci-el-esya\/\" rel=\"tag\">ikinci el e\u015fya<\/a><\/div><\/a><a href=\"\/ikinciel\/wp-json\/wp\/v2\/pages\/382?add-to-cart=425\" aria-describedby=\"woocommerce_loop_add_to_cart_link_describedby_425\" data-quantity=\"1\" class=\"button product_type_simple add_to_cart_button ajax_add_to_cart\" data-product_id=\"425\" data-product_sku=\"\" aria-label=\"Sepete ekle: \u201c\u00c7IKMA METAL RAF Raf Soyunma Dolab\u0131 Vitrin ASRIN Metal Kitapl\u0131k\u201d\" rel=\"nofollow\" data-success_message=\"&quot;\u00c7IKMA METAL RAF Raf Soyunma Dolab\u0131 Vitrin ASRIN Metal Kitapl\u0131k&quot; sepetinize eklendi\" role=\"button\">Sepete Ekle<\/a>\t<span id=\"woocommerce_loop_add_to_cart_link_describedby_425\" class=\"screen-reader-text\">\n\t\t\t<\/span>\n<\/li>\n<li class=\"product type-product post-470 status-publish instock product_cat-ikinci-el-esya product_cat-ikinci-el-mobilya has-post-thumbnail sale shipping-taxable purchasable product-type-simple\">\n\t<a href=\"https:\/\/sumerspot.com\/ikinciel\/urun\/cikma-celik-dosya-dolabi-soyunma-dolaplari-saglam-ucuz-yangina-dayanikli-dolaplar\/\" class=\"woocommerce-LoopProduct-link woocommerce-loop-product__link\">\n\t<span class=\"onsale\">\u0130ndirim!<\/span>\n\t<img loading=\"lazy\" decoding=\"async\" width=\"300\" height=\"300\" src=\"https:\/\/sumerspot.com\/ikinciel\/wp-content\/uploads\/2024\/08\/Cikma-celik-dosya-dolabi-soyunma-dolaplari-1-300x300.png\" class=\"attachment-woocommerce_thumbnail size-woocommerce_thumbnail\" alt=\"\u00c7\u0131kma \u00e7elik dosya dolab\u0131 soyunma dolaplar\u0131 sa\u011flam ucuz yang\u0131na dayan\u0131kl\u0131 dolaplar\" srcset=\"https:\/\/sumerspot.com\/ikinciel\/wp-content\/uploads\/2024\/08\/Cikma-celik-dosya-dolabi-soyunma-dolaplari-1-300x300.png 300w, https:\/\/sumerspot.com\/ikinciel\/wp-content\/uploads\/2024\/08\/Cikma-celik-dosya-dolabi-soyunma-dolaplari-1-150x150.png 150w, https:\/\/sumerspot.com\/ikinciel\/wp-content\/uploads\/2024\/08\/Cikma-celik-dosya-dolabi-soyunma-dolaplari-1-100x100.png 100w\" sizes=\"auto, (max-width: 300px) 100vw, 300px\" title=\"\"><h2 class=\"woocommerce-loop-product__title\">\u00c7\u0131kma \u00e7elik dosya dolab\u0131 soyunma dolaplar\u0131 sa\u011flam ucuz yang\u0131na dayan\u0131kl\u0131 dolaplar<\/h2>\n\t<span class=\"price\"><del aria-hidden=\"true\"><span class=\"woocommerce-Price-amount amount\"><bdi><span class=\"woocommerce-Price-currencySymbol\">&#8378;<\/span>600.00<\/bdi><\/span><\/del> <span class=\"screen-reader-text\">Orijinal fiyat: &#8378;600.00.<\/span><ins aria-hidden=\"true\"><span class=\"woocommerce-Price-amount amount\"><bdi><span class=\"woocommerce-Price-currencySymbol\">&#8378;<\/span>500.00<\/bdi><\/span><\/ins><span class=\"screen-reader-text\">\u015eu andaki fiyat: &#8378;500.00.<\/span><\/span>\n<div class=\"archive-product-categories text-center\"><a href=\"https:\/\/sumerspot.com\/ikinciel\/urun-kategori\/ikinci-el-esya\/\" rel=\"tag\">ikinci el e\u015fya<\/a>,<a href=\"https:\/\/sumerspot.com\/ikinciel\/urun-kategori\/ikinci-el-mobilya\/\" rel=\"tag\">ikinci el mobilya<\/a><\/div><\/a><a href=\"\/ikinciel\/wp-json\/wp\/v2\/pages\/382?add-to-cart=470\" aria-describedby=\"woocommerce_loop_add_to_cart_link_describedby_470\" data-quantity=\"1\" class=\"button product_type_simple add_to_cart_button ajax_add_to_cart\" data-product_id=\"470\" data-product_sku=\"\" aria-label=\"Sepete ekle: \u201c\u00c7\u0131kma \u00e7elik dosya dolab\u0131 soyunma dolaplar\u0131 sa\u011flam ucuz yang\u0131na dayan\u0131kl\u0131 dolaplar\u201d\" rel=\"nofollow\" data-success_message=\"&quot;\u00c7\u0131kma \u00e7elik dosya dolab\u0131 soyunma dolaplar\u0131 sa\u011flam ucuz yang\u0131na dayan\u0131kl\u0131 dolaplar&quot; sepetinize eklendi\" role=\"button\">Sepete Ekle<\/a>\t<span id=\"woocommerce_loop_add_to_cart_link_describedby_470\" class=\"screen-reader-text\">\n\t\t\t<\/span>\n<\/li>\n<li class=\"product type-product post-488 status-publish last instock product_cat-ikinci-el-esya has-post-thumbnail sale shipping-taxable purchasable product-type-simple\">\n\t<a href=\"https:\/\/sumerspot.com\/ikinciel\/urun\/cikma-galvanizli-profil-100100-8080-120120-olcusunde-sifir-gibi-yeni\/\" class=\"woocommerce-LoopProduct-link woocommerce-loop-product__link\">\n\t<span class=\"onsale\">\u0130ndirim!<\/span>\n\t<img loading=\"lazy\" decoding=\"async\" width=\"300\" height=\"300\" src=\"https:\/\/sumerspot.com\/ikinciel\/wp-content\/uploads\/2024\/08\/Cikma-galvanizli-profil-2-300x300.png\" class=\"attachment-woocommerce_thumbnail size-woocommerce_thumbnail\" alt=\"\u00c7\u0131kma galvanizli profil 100*100 80*80 120*120 \u00f6l\u00e7\u00fcs\u00fcnde s\u0131f\u0131r gibi yeni\" srcset=\"https:\/\/sumerspot.com\/ikinciel\/wp-content\/uploads\/2024\/08\/Cikma-galvanizli-profil-2-300x300.png 300w, https:\/\/sumerspot.com\/ikinciel\/wp-content\/uploads\/2024\/08\/Cikma-galvanizli-profil-2-150x150.png 150w, https:\/\/sumerspot.com\/ikinciel\/wp-content\/uploads\/2024\/08\/Cikma-galvanizli-profil-2-100x100.png 100w\" sizes=\"auto, (max-width: 300px) 100vw, 300px\" title=\"\"><h2 class=\"woocommerce-loop-product__title\">\u00c7\u0131kma galvanizli profil 100*100 80*80 120*120 \u00f6l\u00e7\u00fcs\u00fcnde s\u0131f\u0131r gibi yeni<\/h2>\n\t<span class=\"price\"><del aria-hidden=\"true\"><span class=\"woocommerce-Price-amount amount\"><bdi><span class=\"woocommerce-Price-currencySymbol\">&#8378;<\/span>1,500.00<\/bdi><\/span><\/del> <span class=\"screen-reader-text\">Orijinal fiyat: &#8378;1,500.00.<\/span><ins aria-hidden=\"true\"><span class=\"woocommerce-Price-amount amount\"><bdi><span class=\"woocommerce-Price-currencySymbol\">&#8378;<\/span>1,250.00<\/bdi><\/span><\/ins><span class=\"screen-reader-text\">\u015eu andaki fiyat: &#8378;1,250.00.<\/span><\/span>\n<div class=\"archive-product-categories text-center\"><a href=\"https:\/\/sumerspot.com\/ikinciel\/urun-kategori\/ikinci-el-esya\/\" rel=\"tag\">ikinci el e\u015fya<\/a><\/div><\/a><a href=\"\/ikinciel\/wp-json\/wp\/v2\/pages\/382?add-to-cart=488\" aria-describedby=\"woocommerce_loop_add_to_cart_link_describedby_488\" data-quantity=\"1\" class=\"button product_type_simple add_to_cart_button ajax_add_to_cart\" data-product_id=\"488\" data-product_sku=\"\" aria-label=\"Sepete ekle: \u201c\u00c7\u0131kma galvanizli profil 100*100 80*80 120*120 \u00f6l\u00e7\u00fcs\u00fcnde s\u0131f\u0131r gibi yeni\u201d\" rel=\"nofollow\" data-success_message=\"&quot;\u00c7\u0131kma galvanizli profil 100*100 80*80 120*120 \u00f6l\u00e7\u00fcs\u00fcnde s\u0131f\u0131r gibi yeni&quot; sepetinize eklendi\" role=\"button\">Sepete Ekle<\/a>\t<span id=\"woocommerce_loop_add_to_cart_link_describedby_488\" class=\"screen-reader-text\">\n\t\t\t<\/span>\n<\/li>\n<\/ul>\n<\/div>\n","protected":false},"excerpt":{"rendered":"","protected":false},"author":1,"featured_media":384,"parent":0,"menu_order":0,"comment_status":"closed","ping_status":"closed","template":"","meta":{"footnotes":""},"class_list":["post-382","page","type-page","status-publish","has-post-thumbnail","hentry"],"_links":{"self":[{"href":"https:\/\/sumerspot.com\/ikinciel\/wp-json\/wp\/v2\/pages\/382","targetHints":{"allow":["GET"]}}],"collection":[{"href":"https:\/\/sumerspot.com\/ikinciel\/wp-json\/wp\/v2\/pages"}],"about":[{"href":"https:\/\/sumerspot.com\/ikinciel\/wp-json\/wp\/v2\/types\/page"}],"author":[{"embeddable":true,"href":"https:\/\/sumerspot.com\/ikinciel\/wp-json\/wp\/v2\/users\/1"}],"replies":[{"embeddable":true,"href":"https:\/\/sumerspot.com\/ikinciel\/wp-json\/wp\/v2\/comments?post=382"}],"version-history":[{"count":2,"href":"https:\/\/sumerspot.com\/ikinciel\/wp-json\/wp\/v2\/pages\/382\/revisions"}],"predecessor-version":[{"id":393,"href":"https:\/\/sumerspot.com\/ikinciel\/wp-json\/wp\/v2\/pages\/382\/revisions\/393"}],"wp:featuredmedia":[{"embeddable":true,"href":"https:\/\/sumerspot.com\/ikinciel\/wp-json\/wp\/v2\/media\/384"}],"wp:attachment":[{"href":"https:\/\/sumerspot.com\/ikinciel\/wp-json\/wp\/v2\/media?parent=382"}],"curies":[{"name":"wp","href":"https:\/\/api.w.org\/{rel}","templated":true}]}}