{"id":417,"date":"2024-06-30T17:18:48","date_gmt":"2024-06-30T14:18:48","guid":{"rendered":"https:\/\/sumerspot.com\/ikinciel\/?post_type=product&#038;p=417"},"modified":"2024-06-30T17:18:49","modified_gmt":"2024-06-30T14:18:49","slug":"ikinci-el-mavi-varil-saglam-su-deposu-dayanikli-bidonlar","status":"publish","type":"product","link":"https:\/\/sumerspot.com\/ikinciel\/urun\/ikinci-el-mavi-varil-saglam-su-deposu-dayanikli-bidonlar\/","title":{"rendered":"ikinci el mavi varil sa\u011flam su deposu dayan\u0131kl\u0131 bidonlar"},"content":{"rendered":"<p><img loading=\"lazy\" decoding=\"async\" class=\"aligncenter size-full wp-image-418\" src=\"https:\/\/sumerspot.com\/ikinciel\/wp-content\/uploads\/2024\/06\/ikinci-el-mavi-varil-saglam-su-deposu-3.png\" alt=\"\" width=\"838\" height=\"626\" title=\"\" srcset=\"https:\/\/sumerspot.com\/ikinciel\/wp-content\/uploads\/2024\/06\/ikinci-el-mavi-varil-saglam-su-deposu-3.png 838w, https:\/\/sumerspot.com\/ikinciel\/wp-content\/uploads\/2024\/06\/ikinci-el-mavi-varil-saglam-su-deposu-3-300x224.png 300w, https:\/\/sumerspot.com\/ikinciel\/wp-content\/uploads\/2024\/06\/ikinci-el-mavi-varil-saglam-su-deposu-3-768x574.png 768w, https:\/\/sumerspot.com\/ikinciel\/wp-content\/uploads\/2024\/06\/ikinci-el-mavi-varil-saglam-su-deposu-3-160x120.png 160w, https:\/\/sumerspot.com\/ikinciel\/wp-content\/uploads\/2024\/06\/ikinci-el-mavi-varil-saglam-su-deposu-3-600x448.png 600w\" sizes=\"auto, (max-width: 838px) 100vw, 838px\" \/> <img loading=\"lazy\" decoding=\"async\" class=\"aligncenter size-full wp-image-419\" src=\"https:\/\/sumerspot.com\/ikinciel\/wp-content\/uploads\/2024\/06\/ikinci-el-mavi-varil-saglam-su-deposu-1.png\" alt=\"\" width=\"831\" height=\"621\" title=\"\" srcset=\"https:\/\/sumerspot.com\/ikinciel\/wp-content\/uploads\/2024\/06\/ikinci-el-mavi-varil-saglam-su-deposu-1.png 831w, https:\/\/sumerspot.com\/ikinciel\/wp-content\/uploads\/2024\/06\/ikinci-el-mavi-varil-saglam-su-deposu-1-300x224.png 300w, https:\/\/sumerspot.com\/ikinciel\/wp-content\/uploads\/2024\/06\/ikinci-el-mavi-varil-saglam-su-deposu-1-768x574.png 768w, https:\/\/sumerspot.com\/ikinciel\/wp-content\/uploads\/2024\/06\/ikinci-el-mavi-varil-saglam-su-deposu-1-160x120.png 160w, https:\/\/sumerspot.com\/ikinciel\/wp-content\/uploads\/2024\/06\/ikinci-el-mavi-varil-saglam-su-deposu-1-600x448.png 600w\" sizes=\"auto, (max-width: 831px) 100vw, 831px\" \/> <img loading=\"lazy\" decoding=\"async\" class=\"aligncenter size-full wp-image-420\" src=\"https:\/\/sumerspot.com\/ikinciel\/wp-content\/uploads\/2024\/06\/ikinci-el-mavi-varil-saglam-su-deposu-2.png\" alt=\"\" width=\"989\" height=\"617\" title=\"\" srcset=\"https:\/\/sumerspot.com\/ikinciel\/wp-content\/uploads\/2024\/06\/ikinci-el-mavi-varil-saglam-su-deposu-2.png 989w, https:\/\/sumerspot.com\/ikinciel\/wp-content\/uploads\/2024\/06\/ikinci-el-mavi-varil-saglam-su-deposu-2-300x187.png 300w, https:\/\/sumerspot.com\/ikinciel\/wp-content\/uploads\/2024\/06\/ikinci-el-mavi-varil-saglam-su-deposu-2-768x479.png 768w, https:\/\/sumerspot.com\/ikinciel\/wp-content\/uploads\/2024\/06\/ikinci-el-mavi-varil-saglam-su-deposu-2-600x374.png 600w\" sizes=\"auto, (max-width: 989px) 100vw, 989px\" \/><\/p>\n","protected":false},"excerpt":{"rendered":"<p><strong>Sa\u00e7 Varil 220 lt. 400 TL. \u0130stanbul, \u015ei\u015fli ; Acilen sat\u0131l\u0131k 2.el varil.<\/strong> Yenilenmi\u015f plastik bidonlar genel olarak depolama \u00f6\u011fesi olarak kullan\u0131lmaktad\u0131r ve 1.500 TL. \u0130stanbul, Kad\u0131k\u00f6y Profesyonel bir anlay\u0131\u015f ile ger\u00e7ekle\u015ftirilen ikinci el varil alanlar kapsam\u0131nda, variller 30 Litrelik bidon. \u0130kinci el beyaz varil Hurda varil ne kadar? 200 lt plastik varil ka\u00e7 kg? beyaz renk varil 50 TL. Ankara, \u00c7ankaya Plastik \u00e7\u00f6p bidonu ise k\u0131rm\u0131z\u0131, mavi, ye\u015fil gibi farkl\u0131 renklerden olu\u015fan genellikle b\u00fcy\u00fck \u00e7e\u015fitlerdir.<\/p>\n","protected":false},"featured_media":420,"template":"","meta":[],"product_brand":[],"product_cat":[15],"product_tag":[],"class_list":{"0":"post-417","1":"product","2":"type-product","3":"status-publish","4":"has-post-thumbnail","6":"product_cat-ikinci-el-esya","8":"first","9":"instock","10":"sale","11":"shipping-taxable","12":"purchasable","13":"product-type-simple"},"_links":{"self":[{"href":"https:\/\/sumerspot.com\/ikinciel\/wp-json\/wp\/v2\/product\/417","targetHints":{"allow":["GET"]}}],"collection":[{"href":"https:\/\/sumerspot.com\/ikinciel\/wp-json\/wp\/v2\/product"}],"about":[{"href":"https:\/\/sumerspot.com\/ikinciel\/wp-json\/wp\/v2\/types\/product"}],"wp:featuredmedia":[{"embeddable":true,"href":"https:\/\/sumerspot.com\/ikinciel\/wp-json\/wp\/v2\/media\/420"}],"wp:attachment":[{"href":"https:\/\/sumerspot.com\/ikinciel\/wp-json\/wp\/v2\/media?parent=417"}],"wp:term":[{"taxonomy":"product_brand","embeddable":true,"href":"https:\/\/sumerspot.com\/ikinciel\/wp-json\/wp\/v2\/product_brand?post=417"},{"taxonomy":"product_cat","embeddable":true,"href":"https:\/\/sumerspot.com\/ikinciel\/wp-json\/wp\/v2\/product_cat?post=417"},{"taxonomy":"product_tag","embeddable":true,"href":"https:\/\/sumerspot.com\/ikinciel\/wp-json\/wp\/v2\/product_tag?post=417"}],"curies":[{"name":"wp","href":"https:\/\/api.w.org\/{rel}","templated":true}]}}