{"id":422,"date":"2024-06-30T19:19:21","date_gmt":"2024-06-30T16:19:21","guid":{"rendered":"https:\/\/sumerspot.com\/ikinciel\/?post_type=product&#038;p=422"},"modified":"2024-06-30T19:19:22","modified_gmt":"2024-06-30T16:19:22","slug":"ikinci-el-arac-buzdolabi-12-volt-ile-calisir-guzel-sogutur","status":"publish","type":"product","link":"https:\/\/sumerspot.com\/ikinciel\/urun\/ikinci-el-arac-buzdolabi-12-volt-ile-calisir-guzel-sogutur\/","title":{"rendered":"\u0130K\u0130NC\u0130 EL ARA\u00c7 BUZDOLABI 12 VOLT \u0130LE \u00c7ALI\u015eIR G\u00dcZEL SO\u011eUTUR"},"content":{"rendered":"<p><img loading=\"lazy\" decoding=\"async\" class=\"aligncenter size-full wp-image-423\" src=\"https:\/\/sumerspot.com\/ikinciel\/wp-content\/uploads\/2024\/06\/IKINCI-EL-ARAC-BUZDOLABI-12-VOLT-2.png\" alt=\"\" width=\"666\" height=\"635\" title=\"\" srcset=\"https:\/\/sumerspot.com\/ikinciel\/wp-content\/uploads\/2024\/06\/IKINCI-EL-ARAC-BUZDOLABI-12-VOLT-2.png 666w, https:\/\/sumerspot.com\/ikinciel\/wp-content\/uploads\/2024\/06\/IKINCI-EL-ARAC-BUZDOLABI-12-VOLT-2-300x286.png 300w, https:\/\/sumerspot.com\/ikinciel\/wp-content\/uploads\/2024\/06\/IKINCI-EL-ARAC-BUZDOLABI-12-VOLT-2-600x572.png 600w\" sizes=\"auto, (max-width: 666px) 100vw, 666px\" \/> <img loading=\"lazy\" decoding=\"async\" class=\"aligncenter size-full wp-image-424\" src=\"https:\/\/sumerspot.com\/ikinciel\/wp-content\/uploads\/2024\/06\/IKINCI-EL-ARAC-BUZDOLABI-12-VOLT-1.png\" alt=\"\" width=\"994\" height=\"551\" title=\"\" srcset=\"https:\/\/sumerspot.com\/ikinciel\/wp-content\/uploads\/2024\/06\/IKINCI-EL-ARAC-BUZDOLABI-12-VOLT-1.png 994w, https:\/\/sumerspot.com\/ikinciel\/wp-content\/uploads\/2024\/06\/IKINCI-EL-ARAC-BUZDOLABI-12-VOLT-1-300x166.png 300w, https:\/\/sumerspot.com\/ikinciel\/wp-content\/uploads\/2024\/06\/IKINCI-EL-ARAC-BUZDOLABI-12-VOLT-1-768x426.png 768w, https:\/\/sumerspot.com\/ikinciel\/wp-content\/uploads\/2024\/06\/IKINCI-EL-ARAC-BUZDOLABI-12-VOLT-1-600x333.png 600w\" sizes=\"auto, (max-width: 994px) 100vw, 994px\" \/><\/p>\n","protected":false},"excerpt":{"rendered":"<p>\u0130K\u0130NC\u0130 EL ARA\u00c7 BUZDOLABI 12 VOLT Binlerce \u00dcr\u00fcne G\u00f6z At\u0131n ve Ke\u015ffedin. 12 voltla \u00e7al\u0131\u015fan buzdolab\u0131 var m\u0131?<br \/>\nKompres\u00f6rl\u00fc ara\u00e7 buzdolab\u0131 ak\u00fcy\u00fc bitirir mi? \u0130kinci El yada \u00c7\u0131kma Ara\u00e7 Buzdolab\u0131 Tercih Edilir mi? Ninkasi Ara\u00e7 &#8230; Kompres\u00f6r g\u00fcc\u00fc sabit oldu\u011fundan 24Volt ile 2,5 amper,<br \/>\n12 volt buz dolab\u0131 ka\u00e7 amper \u00e7eker?<br \/>\nAra\u00e7 buzdolab\u0131 ka\u00e7 lira?<br \/>\n M\u00fc\u015fteri Yorumlar\u0131n\u0131 Okuyun ve En \u00c7ok Satanlar\u0131 Bulun<\/p>\n","protected":false},"featured_media":424,"template":"","meta":[],"product_brand":[],"product_cat":[30],"product_tag":[35],"class_list":{"0":"post-422","1":"product","2":"type-product","3":"status-publish","4":"has-post-thumbnail","6":"product_cat-ikinci-el-beyaz-esya","7":"product_tag-ikinci-el-buzdolabi","9":"first","10":"instock","11":"sale","12":"shipping-taxable","13":"purchasable","14":"product-type-simple"},"_links":{"self":[{"href":"https:\/\/sumerspot.com\/ikinciel\/wp-json\/wp\/v2\/product\/422","targetHints":{"allow":["GET"]}}],"collection":[{"href":"https:\/\/sumerspot.com\/ikinciel\/wp-json\/wp\/v2\/product"}],"about":[{"href":"https:\/\/sumerspot.com\/ikinciel\/wp-json\/wp\/v2\/types\/product"}],"wp:featuredmedia":[{"embeddable":true,"href":"https:\/\/sumerspot.com\/ikinciel\/wp-json\/wp\/v2\/media\/424"}],"wp:attachment":[{"href":"https:\/\/sumerspot.com\/ikinciel\/wp-json\/wp\/v2\/media?parent=422"}],"wp:term":[{"taxonomy":"product_brand","embeddable":true,"href":"https:\/\/sumerspot.com\/ikinciel\/wp-json\/wp\/v2\/product_brand?post=422"},{"taxonomy":"product_cat","embeddable":true,"href":"https:\/\/sumerspot.com\/ikinciel\/wp-json\/wp\/v2\/product_cat?post=422"},{"taxonomy":"product_tag","embeddable":true,"href":"https:\/\/sumerspot.com\/ikinciel\/wp-json\/wp\/v2\/product_tag?post=422"}],"curies":[{"name":"wp","href":"https:\/\/api.w.org\/{rel}","templated":true}]}}