{"id":441,"date":"2024-07-02T11:44:34","date_gmt":"2024-07-02T08:44:34","guid":{"rendered":"https:\/\/sumerspot.com\/ikinciel\/?post_type=product&#038;p=441"},"modified":"2024-07-02T11:44:34","modified_gmt":"2024-07-02T08:44:34","slug":"iyi-durumda-beton-duzeltme-perdah-makinesi-saglam-ve-garantili","status":"publish","type":"product","link":"https:\/\/sumerspot.com\/ikinciel\/urun\/iyi-durumda-beton-duzeltme-perdah-makinesi-saglam-ve-garantili\/","title":{"rendered":"iyi durumda beton d\u00fczeltme perdah makinesi sa\u011flam ve garantili"},"content":{"rendered":"<p><img loading=\"lazy\" decoding=\"async\" class=\"aligncenter size-full wp-image-442\" src=\"https:\/\/sumerspot.com\/ikinciel\/wp-content\/uploads\/2024\/07\/iyi-durumda-beton-duzeltme-perdah-makinesi-1.png\" alt=\"\" width=\"1012\" height=\"565\" title=\"\" srcset=\"https:\/\/sumerspot.com\/ikinciel\/wp-content\/uploads\/2024\/07\/iyi-durumda-beton-duzeltme-perdah-makinesi-1.png 1012w, https:\/\/sumerspot.com\/ikinciel\/wp-content\/uploads\/2024\/07\/iyi-durumda-beton-duzeltme-perdah-makinesi-1-300x167.png 300w, https:\/\/sumerspot.com\/ikinciel\/wp-content\/uploads\/2024\/07\/iyi-durumda-beton-duzeltme-perdah-makinesi-1-768x429.png 768w, https:\/\/sumerspot.com\/ikinciel\/wp-content\/uploads\/2024\/07\/iyi-durumda-beton-duzeltme-perdah-makinesi-1-600x335.png 600w\" sizes=\"auto, (max-width: 1012px) 100vw, 1012px\" \/> <img loading=\"lazy\" decoding=\"async\" class=\"aligncenter size-full wp-image-443\" src=\"https:\/\/sumerspot.com\/ikinciel\/wp-content\/uploads\/2024\/07\/iyi-durumda-beton-duzeltme-perdah-makinesi-2.png\" alt=\"\" width=\"1035\" height=\"616\" title=\"\" srcset=\"https:\/\/sumerspot.com\/ikinciel\/wp-content\/uploads\/2024\/07\/iyi-durumda-beton-duzeltme-perdah-makinesi-2.png 1035w, https:\/\/sumerspot.com\/ikinciel\/wp-content\/uploads\/2024\/07\/iyi-durumda-beton-duzeltme-perdah-makinesi-2-300x179.png 300w, https:\/\/sumerspot.com\/ikinciel\/wp-content\/uploads\/2024\/07\/iyi-durumda-beton-duzeltme-perdah-makinesi-2-1024x609.png 1024w, https:\/\/sumerspot.com\/ikinciel\/wp-content\/uploads\/2024\/07\/iyi-durumda-beton-duzeltme-perdah-makinesi-2-768x457.png 768w, https:\/\/sumerspot.com\/ikinciel\/wp-content\/uploads\/2024\/07\/iyi-durumda-beton-duzeltme-perdah-makinesi-2-600x357.png 600w\" sizes=\"auto, (max-width: 1035px) 100vw, 1035px\" \/><\/p>\n","protected":false},"excerpt":{"rendered":"<p><strong>iyi durumda beton d\u00fczeltme perdah makinesi<\/strong> Elektrikli PE7000 Perdah Makinesi (70\u00b4lik &#8211; 2.2Hp-380V) beton ustalar\u0131 bu makineleri kolayl\u0131kla 2.el perdah makinas\u0131 fiyatlar\u0131 Honda Perdah Makinas\u0131 Fiyatlar\u0131 Kardelen Perdah Makinas\u0131 Fiyatlar\u0131 Elektrikli 120&#8217;lik model. 2. \u00c7iftli Perdah Makinas\u0131 Modelleri. makine 70&#8217;lik Motor G\u00fcc\u00fc Giri\u015f Gerilimi Bu cihazlar sayesinde hareket imkan\u0131 k\u0131s\u0131tl\u0131 olan k\u00fc\u00e7\u00fck beton zeminleri d\u00fczeltme<\/p>\n","protected":false},"featured_media":443,"template":"","meta":[],"product_brand":[],"product_cat":[31],"product_tag":[],"class_list":{"0":"post-441","1":"product","2":"type-product","3":"status-publish","4":"has-post-thumbnail","6":"product_cat-ikinci-el-is-makineleri","8":"first","9":"instock","10":"sale","11":"shipping-taxable","12":"purchasable","13":"product-type-simple"},"_links":{"self":[{"href":"https:\/\/sumerspot.com\/ikinciel\/wp-json\/wp\/v2\/product\/441","targetHints":{"allow":["GET"]}}],"collection":[{"href":"https:\/\/sumerspot.com\/ikinciel\/wp-json\/wp\/v2\/product"}],"about":[{"href":"https:\/\/sumerspot.com\/ikinciel\/wp-json\/wp\/v2\/types\/product"}],"wp:featuredmedia":[{"embeddable":true,"href":"https:\/\/sumerspot.com\/ikinciel\/wp-json\/wp\/v2\/media\/443"}],"wp:attachment":[{"href":"https:\/\/sumerspot.com\/ikinciel\/wp-json\/wp\/v2\/media?parent=441"}],"wp:term":[{"taxonomy":"product_brand","embeddable":true,"href":"https:\/\/sumerspot.com\/ikinciel\/wp-json\/wp\/v2\/product_brand?post=441"},{"taxonomy":"product_cat","embeddable":true,"href":"https:\/\/sumerspot.com\/ikinciel\/wp-json\/wp\/v2\/product_cat?post=441"},{"taxonomy":"product_tag","embeddable":true,"href":"https:\/\/sumerspot.com\/ikinciel\/wp-json\/wp\/v2\/product_tag?post=441"}],"curies":[{"name":"wp","href":"https:\/\/api.w.org\/{rel}","templated":true}]}}