{"id":478,"date":"2024-08-13T11:13:09","date_gmt":"2024-08-13T08:13:09","guid":{"rendered":"https:\/\/sumerspot.com\/ikinciel\/?post_type=product&#038;p=478"},"modified":"2024-08-13T11:13:09","modified_gmt":"2024-08-13T08:13:09","slug":"cati-makasi-cati-paneli-cati-saci-konteynir-celik-cati-malzemeleri-ucuz-fiyat","status":"publish","type":"product","link":"https:\/\/sumerspot.com\/ikinciel\/urun\/cati-makasi-cati-paneli-cati-saci-konteynir-celik-cati-malzemeleri-ucuz-fiyat\/","title":{"rendered":"\u00c7at\u0131 makas\u0131 \u00e7at\u0131 paneli \u00e7at\u0131 sa\u00e7\u0131 konteyn\u0131r \u00e7elik \u00e7at\u0131 malzemeleri ucuz fiyat"},"content":{"rendered":"<p><img loading=\"lazy\" decoding=\"async\" class=\"aligncenter size-full wp-image-479\" src=\"https:\/\/sumerspot.com\/ikinciel\/wp-content\/uploads\/2024\/08\/Cati-makasi-cati-paneli-cati-saci-konteynir-celik-cati-3.png\" alt=\"\" width=\"793\" height=\"633\" title=\"\" srcset=\"https:\/\/sumerspot.com\/ikinciel\/wp-content\/uploads\/2024\/08\/Cati-makasi-cati-paneli-cati-saci-konteynir-celik-cati-3.png 793w, https:\/\/sumerspot.com\/ikinciel\/wp-content\/uploads\/2024\/08\/Cati-makasi-cati-paneli-cati-saci-konteynir-celik-cati-3-300x239.png 300w, https:\/\/sumerspot.com\/ikinciel\/wp-content\/uploads\/2024\/08\/Cati-makasi-cati-paneli-cati-saci-konteynir-celik-cati-3-768x613.png 768w, https:\/\/sumerspot.com\/ikinciel\/wp-content\/uploads\/2024\/08\/Cati-makasi-cati-paneli-cati-saci-konteynir-celik-cati-3-600x479.png 600w\" sizes=\"auto, (max-width: 793px) 100vw, 793px\" \/> <img loading=\"lazy\" decoding=\"async\" class=\"aligncenter size-full wp-image-480\" src=\"https:\/\/sumerspot.com\/ikinciel\/wp-content\/uploads\/2024\/08\/Cati-makasi-cati-paneli-cati-saci-konteynir-celik-cati-1.png\" alt=\"\" width=\"741\" height=\"632\" title=\"\" srcset=\"https:\/\/sumerspot.com\/ikinciel\/wp-content\/uploads\/2024\/08\/Cati-makasi-cati-paneli-cati-saci-konteynir-celik-cati-1.png 741w, https:\/\/sumerspot.com\/ikinciel\/wp-content\/uploads\/2024\/08\/Cati-makasi-cati-paneli-cati-saci-konteynir-celik-cati-1-300x256.png 300w, https:\/\/sumerspot.com\/ikinciel\/wp-content\/uploads\/2024\/08\/Cati-makasi-cati-paneli-cati-saci-konteynir-celik-cati-1-600x512.png 600w\" sizes=\"auto, (max-width: 741px) 100vw, 741px\" \/> <img loading=\"lazy\" decoding=\"async\" class=\"aligncenter size-full wp-image-481\" src=\"https:\/\/sumerspot.com\/ikinciel\/wp-content\/uploads\/2024\/08\/Cati-makasi-cati-paneli-cati-saci-konteynir-celik-cati-2.png\" alt=\"\" width=\"966\" height=\"621\" title=\"\" srcset=\"https:\/\/sumerspot.com\/ikinciel\/wp-content\/uploads\/2024\/08\/Cati-makasi-cati-paneli-cati-saci-konteynir-celik-cati-2.png 966w, https:\/\/sumerspot.com\/ikinciel\/wp-content\/uploads\/2024\/08\/Cati-makasi-cati-paneli-cati-saci-konteynir-celik-cati-2-300x193.png 300w, https:\/\/sumerspot.com\/ikinciel\/wp-content\/uploads\/2024\/08\/Cati-makasi-cati-paneli-cati-saci-konteynir-celik-cati-2-768x494.png 768w, https:\/\/sumerspot.com\/ikinciel\/wp-content\/uploads\/2024\/08\/Cati-makasi-cati-paneli-cati-saci-konteynir-celik-cati-2-600x386.png 600w\" sizes=\"auto, (max-width: 966px) 100vw, 966px\" \/><\/p>\n","protected":false},"excerpt":{"rendered":"<p>\u00c7at\u0131 makas\u0131 \u00e7at\u0131 paneli \u00e7at\u0131 sa\u00e7\u0131 konteyn\u0131r \u00e7elik \u00e7at\u0131 Uygun Fiyatl\u0131 Konteyner Arayanlar Modellerimizi Mutlaka \u0130ncelemeden Karar Vermeyin. 50 mm Duvar Kal\u0131nl\u0131\u011f\u0131 \u0130le Konteyner \u00e7at\u0131 ve cephe paneli #1190603379. Konteyner \u00e7at\u0131 ve cephe paneli. M\u00fckemmel Yal\u0131t\u0131ml\u0131 Konteynerler. \u00c7at\u0131 makas\u0131 betonarme yap\u0131larda kullan\u0131lan bir yap\u0131 eleman\u0131d\u0131r. Genellikle \u00e7elik malzemeyle<\/p>\n","protected":false},"featured_media":479,"template":"","meta":[],"product_brand":[],"product_cat":[31,15],"product_tag":[],"class_list":{"0":"post-478","1":"product","2":"type-product","3":"status-publish","4":"has-post-thumbnail","6":"product_cat-ikinci-el-is-makineleri","7":"product_cat-ikinci-el-esya","9":"first","10":"instock","11":"sale","12":"shipping-taxable","13":"purchasable","14":"product-type-simple"},"_links":{"self":[{"href":"https:\/\/sumerspot.com\/ikinciel\/wp-json\/wp\/v2\/product\/478","targetHints":{"allow":["GET"]}}],"collection":[{"href":"https:\/\/sumerspot.com\/ikinciel\/wp-json\/wp\/v2\/product"}],"about":[{"href":"https:\/\/sumerspot.com\/ikinciel\/wp-json\/wp\/v2\/types\/product"}],"wp:featuredmedia":[{"embeddable":true,"href":"https:\/\/sumerspot.com\/ikinciel\/wp-json\/wp\/v2\/media\/479"}],"wp:attachment":[{"href":"https:\/\/sumerspot.com\/ikinciel\/wp-json\/wp\/v2\/media?parent=478"}],"wp:term":[{"taxonomy":"product_brand","embeddable":true,"href":"https:\/\/sumerspot.com\/ikinciel\/wp-json\/wp\/v2\/product_brand?post=478"},{"taxonomy":"product_cat","embeddable":true,"href":"https:\/\/sumerspot.com\/ikinciel\/wp-json\/wp\/v2\/product_cat?post=478"},{"taxonomy":"product_tag","embeddable":true,"href":"https:\/\/sumerspot.com\/ikinciel\/wp-json\/wp\/v2\/product_tag?post=478"}],"curies":[{"name":"wp","href":"https:\/\/api.w.org\/{rel}","templated":true}]}}