{"id":497,"date":"2024-08-29T16:40:47","date_gmt":"2024-08-29T13:40:47","guid":{"rendered":"https:\/\/sumerspot.com\/ikinciel\/?post_type=product&#038;p=497"},"modified":"2024-08-29T16:40:47","modified_gmt":"2024-08-29T13:40:47","slug":"3-tonluk-kantar-baskul-kantar-6500-tl-3-x-16-mt-80-tonluk-tir-kantari","status":"publish","type":"product","link":"https:\/\/sumerspot.com\/ikinciel\/urun\/3-tonluk-kantar-baskul-kantar-6500-tl-3-x-16-mt-80-tonluk-tir-kantari\/","title":{"rendered":"3 tonluk kantar Bask\u00fcl Kantar 6500 TL 3 x 16 MT 80 tonluk t\u0131r kantar\u0131."},"content":{"rendered":"","protected":false},"excerpt":{"rendered":"<p>3 tonluk kantar YILDIRIM ikinci el 3 Ton Elektronik Bask\u00fcl Kantar 6500 TL 3 x 16 MT 80 tonluk t\u0131r kantar\u0131. montaj taraf\u0131m\u0131zca yap\u0131lacakt\u0131r. Sorunlu olabilecek t\u00fcm par\u00e7alar\u0131 En Uygun Fiyat. 6.500 TL. \u0130stanbul, Bah\u00e7elievler  Kantar kategorisini gezmek i\u00e7in hemen t\u0131klay\u0131n. T\u00fcrkiye&#8217;nin sanayi sekt\u00f6r\u00fcne \u00f6zel en b\u00fcy\u00fck<\/p>\n","protected":false},"featured_media":494,"template":"","meta":[],"product_brand":[],"product_cat":[15,31],"product_tag":[],"class_list":{"0":"post-497","1":"product","2":"type-product","3":"status-publish","4":"has-post-thumbnail","6":"product_cat-ikinci-el-esya","7":"product_cat-ikinci-el-is-makineleri","9":"first","10":"instock","11":"sale","12":"shipping-taxable","13":"purchasable","14":"product-type-simple"},"_links":{"self":[{"href":"https:\/\/sumerspot.com\/ikinciel\/wp-json\/wp\/v2\/product\/497","targetHints":{"allow":["GET"]}}],"collection":[{"href":"https:\/\/sumerspot.com\/ikinciel\/wp-json\/wp\/v2\/product"}],"about":[{"href":"https:\/\/sumerspot.com\/ikinciel\/wp-json\/wp\/v2\/types\/product"}],"wp:featuredmedia":[{"embeddable":true,"href":"https:\/\/sumerspot.com\/ikinciel\/wp-json\/wp\/v2\/media\/494"}],"wp:attachment":[{"href":"https:\/\/sumerspot.com\/ikinciel\/wp-json\/wp\/v2\/media?parent=497"}],"wp:term":[{"taxonomy":"product_brand","embeddable":true,"href":"https:\/\/sumerspot.com\/ikinciel\/wp-json\/wp\/v2\/product_brand?post=497"},{"taxonomy":"product_cat","embeddable":true,"href":"https:\/\/sumerspot.com\/ikinciel\/wp-json\/wp\/v2\/product_cat?post=497"},{"taxonomy":"product_tag","embeddable":true,"href":"https:\/\/sumerspot.com\/ikinciel\/wp-json\/wp\/v2\/product_tag?post=497"}],"curies":[{"name":"wp","href":"https:\/\/api.w.org\/{rel}","templated":true}]}}