{"id":499,"date":"2024-10-02T11:50:20","date_gmt":"2024-10-02T08:50:20","guid":{"rendered":"https:\/\/sumerspot.com\/ikinciel\/?post_type=product&#038;p=499"},"modified":"2024-10-02T11:50:21","modified_gmt":"2024-10-02T08:50:21","slug":"cikma-yuvarlak-profil-boru-kare-yuvarlak-boru-cesitleri-her-boyda","status":"publish","type":"product","link":"https:\/\/sumerspot.com\/ikinciel\/urun\/cikma-yuvarlak-profil-boru-kare-yuvarlak-boru-cesitleri-her-boyda\/","title":{"rendered":"\u00c7\u0131kma yuvarlak profil boru kare yuvarlak boru \u00e7e\u015fitleri her boyda"},"content":{"rendered":"<p>Boru tipleri nelerdir?<br \/>\nMetal borular: Siyah veya galvaniz \u00e7elik, demir, bak\u0131r, al\u00fcminyum. Plastik borular: PVC, polietilen ve ABS. Beton ve betonarme borular: beton ve in\u015faat \u00e7eli\u011fi (in\u015faat demiri).<\/p>\n","protected":false},"excerpt":{"rendered":"<p>\u00c7\u0131kma yuvarlak profil boru kare yuvarlak boru \u00e7e\u015fitleri \u00c7\u0131kma hurda par\u00e7a demir borular \u00e7e\u015fitli boy, \u00e7ap ve et kal\u0131nl\u0131klar\u0131ndad\u0131r. \u00c7\u0131kma (ikinci el) borular her boyda S\u0131hhi Tesisat Farkl\u0131 model ve teknik \u00f6zelliklere sahip olan demir boru \u00e7e\u015fitlerini fiyat liste tablosunda Tos \u00c7elik Boyal\u0131 40 x 60 x 2 mm Kutu Profil Boru Metal 40X60X2 Boru ; galvaniz baca borusu 3 metre 30 cm geni\u015fli\u011finde. 2.000 TL. \u0130zmir, Torbal\u0131 ; 10 Metre 3 l\u00fck G\u0131rtlak Boru <\/p>\n","protected":false},"featured_media":501,"template":"","meta":[],"product_brand":[],"product_cat":[15],"product_tag":[],"class_list":{"0":"post-499","1":"product","2":"type-product","3":"status-publish","4":"has-post-thumbnail","6":"product_cat-ikinci-el-esya","8":"first","9":"instock","10":"sale","11":"shipping-taxable","12":"purchasable","13":"product-type-simple"},"_links":{"self":[{"href":"https:\/\/sumerspot.com\/ikinciel\/wp-json\/wp\/v2\/product\/499","targetHints":{"allow":["GET"]}}],"collection":[{"href":"https:\/\/sumerspot.com\/ikinciel\/wp-json\/wp\/v2\/product"}],"about":[{"href":"https:\/\/sumerspot.com\/ikinciel\/wp-json\/wp\/v2\/types\/product"}],"wp:featuredmedia":[{"embeddable":true,"href":"https:\/\/sumerspot.com\/ikinciel\/wp-json\/wp\/v2\/media\/501"}],"wp:attachment":[{"href":"https:\/\/sumerspot.com\/ikinciel\/wp-json\/wp\/v2\/media?parent=499"}],"wp:term":[{"taxonomy":"product_brand","embeddable":true,"href":"https:\/\/sumerspot.com\/ikinciel\/wp-json\/wp\/v2\/product_brand?post=499"},{"taxonomy":"product_cat","embeddable":true,"href":"https:\/\/sumerspot.com\/ikinciel\/wp-json\/wp\/v2\/product_cat?post=499"},{"taxonomy":"product_tag","embeddable":true,"href":"https:\/\/sumerspot.com\/ikinciel\/wp-json\/wp\/v2\/product_tag?post=499"}],"curies":[{"name":"wp","href":"https:\/\/api.w.org\/{rel}","templated":true}]}}